of 7778?
2, 3889
What are the prime factors of 5304?
2, 3, 13, 17
What are the prime factors of 547?
547
What are the prime factors of 14724?
2, 3, 409
List the prime factors of 1212.
2, 3, 101
What are the prime factors of 2214?
2, 3, 41
List the prime factors of 137613.
3, 7, 6553
What are the prime factors of 504?
2, 3, 7
List the prime factors of 167013.
3, 7, 11, 241
List the prime factors of 92736.
2, 3, 7, 23
List the prime factors of 62979.
3, 7, 2999
List the prime factors of 3877.
3877
What are the prime factors of 60794?
2, 113, 269
What are the prime factors of 14101?
59, 239
What are the prime factors of 17833?
17, 1049
What are the prime factors of 504?
2, 3, 7
List the prime factors of 31.
31
What are the prime factors of 110688?
2, 3, 1153
What are the prime factors of 23689?
23689
What are the prime factors of 29848?
2, 7, 13, 41
What are the prime factors of 3862?
2, 1931
What are the prime factors of 42265?
5, 79, 107
List the prime factors of 567.
3, 7
What are the prime factors of 729?
3
List the prime factors of 69256.
2, 11, 787
List the prime factors of 1042.
2, 521
What are the prime factors of 111911?
17, 29, 227
List the prime factors of 7565.
5, 17, 89
List the prime factors of 52196.
2, 13049
List the prime factors of 76925.
5, 17, 181
List the prime factors of 40474.
2, 7, 59
What are the prime factors of 68163?
3, 22721
What are the prime factors of 12570?
2, 3, 5, 419
List the prime factors of 90340.
2, 5, 4517
List the prime factors of 5665.
5, 11, 103
List the prime factors of 93516.
2, 3, 7793
List the prime factors of 534.
2, 3, 89
What are the prime factors of 81584?
2, 5099
What are the prime factors of 2803?
2803
What are the prime factors of 3088?
2, 193
List the prime factors of 96021.
3, 47, 227
List the prime factors of 47719.
7, 17, 401
What are the prime factors of 2678?
2, 13, 103
List the prime factors of 84818.
2, 42409
What are the prime factors of 45373?
17, 157
What are the prime factors of 3452?
2, 863
What are the prime factors of 1499?
1499
List the prime factors of 15976.
2, 1997
What are the prime factors of 589?
19, 31
List the prime factors of 3632.
2, 227
What are the prime factors of 348?
2, 3, 29
List the prime factors of 2130.
2, 3, 5, 71
What are the prime factors of 13172?
2, 37, 89
List the prime factors of 4387.
41, 107
What are the prime factors of 968?
2, 11
What are the prime factors of 14323?
14323
List the prime factors of 34862.
2, 17431
List the prime factors of 378.
2, 3, 7
List the prime factors of 54529.
31, 1759
List the prime factors of 36408.
2, 3, 37, 41
List the prime factors of 18852.
2, 3, 1571
What are the prime factors of 847?
7, 11
What are the prime factors of 42666?
2, 3, 13, 547
What are the prime factors of 9494?
2, 47, 101
What are the prime factors of 14286?
2, 3, 2381
List the prime factors of 3013.
23, 131
What are the prime factors of 1836?
2, 3, 17
What are the prime factors of 3493?
7, 499
List the prime factors of 37935.
3, 5, 281
What are the prime factors of 5135?
5, 13, 79
List the prime factors of 22780.
2, 5, 17, 67
What are the prime factors of 60043?
97, 619
What are the prime factors of 8110?
2, 5, 811
List the prime factors of 29508.
2, 3, 2459
List the prime factors of 73703.
7, 10529
List the prime factors of 58983.
3, 19661
What are the prime factors of 51713?
51713
List the prime factors of 22897.
7, 3271
What are the prime factors of 73615?
5, 14723
List the prime factors of 9340.
2, 5, 467
What are the prime factors of 7201?
19, 379
List the prime factors of 29110.
2, 5, 41, 71
What are the prime factors of 6926?
2, 3463
What are the prime factors of 68667?
3, 47, 487
List the prime factors of 25886.
2, 7, 43
What are the prime factors of 50209?
23, 37, 59
What are the prime factors of 1711?
29, 59
What are the prime factors of 217?
7, 31
List the prime factors of 5373.
3, 199
List the prime factors of 13961.
23, 607
What are the prime factors of 25810?
2, 5, 29, 89
What are the prime factors of 2219?
7, 317
List the prime factors of 31209.
3, 101, 103
What are the prime factors of 145?
5, 29
List the prime factors of 116157.
3, 31, 1249
List the prime factors of 70127.
23, 3049
What are the prime factors of 4083?
3, 1361
List the prime factors of 1728.
2, 3
List the prime factors of 21496.
2, 2687
What are the prime factors of 3790?
2, 5, 379
List the prime factors of 575.
5, 23
List the prime factors of 29776.
2, 1861
List the prime factors of 26630.
2, 5, 2663
List the prime factors of 10453.
10453
What are the prime factors of 14064?
2, 3, 293
What are the prime factors of 1146?
2, 3, 191
List the prime factors of 1516.
2, 379
List the prime factors of 288.
2, 3
What are the prime factors of 45028?
2, 11257
What are the prime factors of 11936?
2, 373
List the prime factors of 1527.
3, 509
List the prime factors of 1662.
2, 3, 277
List the prime factors of 34152.
2, 3, 1423
List the prime factors of 34114.
2, 37, 461
List the prime factors of 327.
3, 109
List the prime factors of 11.
11
List the prime factors of 26283.
3, 8761
What are the prime factors of 30886?
2, 15443
What are the prime factors of 38841?
3, 11, 107
List the prime factors of 14648.
2, 1831
List the prime factors of 826.
2, 7, 59
What are the prime factors of 20178?
2, 3, 19, 59
What are the prime factors of 2838?
2, 3, 11, 43
List the prime factors of 36834.
2, 3, 7, 877
List the prime factors of 9610.
2, 5, 31
What are the prime factors of 824?
2, 103
What are the prime factors of 1209?
3, 13, 31
List the prime factors of 773.
773
List the prime factors of 38879.
17, 2287
List the prime factors of 1290.
2, 3, 5, 43
What are the prime factors of 21542?
2, 10771
What are the prime factors of 54621?
3, 7, 17
What are the prime factors of 2234?
2, 1117
What are the prime factors of 34413?
3, 11471
What are the prime factors of 8348?
2, 2087
List the prime factors of 82561.
82561
What are the prime factors of 5377?
19, 283
List the prime factors of 151160.
2, 5, 3779
What are the prime factors of 21910?
2, 5, 7, 313
What are the prime factors of 11642?
2, 5821
What are the prime factors of 2821?
7, 13, 31
List the prime factors of 7565.
5, 17, 89
What are the prime factors of 72989?
7, 10427
What are the prime factors of 2552?
2, 11, 29
List the prime factors of 6487.
13, 499
List the prime factors of 3970.
2, 5, 397
List the prime factors of 4144.
2, 7, 37
What are the prime factors of 6494?
2, 17, 191
List the prime factors of 81582.
2, 3, 13597
List the prime factors of 1640.
2, 5, 41
What are the prime factors of 3948?
2, 3, 7, 47
List the prime factors of 22957.
11, 2087
What are the prime factors of 1582?
2, 7, 113
What are the prime factors of 1906?
2, 953
List the prime factors of 10397.
37, 281
List the prime factors of 925.
5, 37
List the prime factors of 9707.
17, 571
What are the prime factors of 11439?
3, 31, 41
List the prime factors of 26308.
2, 6577
What are the prime factors of 8851?
53, 167
List the prime factors of 63010.
2, 5, 6301
What are the prime factors of 14564?
2, 11, 331
What are the prime factors of 1351?
7, 193
What are the prime factors of 46567?
46567
What are the prime factors of 1443?
3, 13, 37
List the prime factors of 9651.
3, 3217
What are the prime factors of 2465?
5, 17, 29
What are the prime factors of 1264?
2, 79
What are the prime factors of 1459?
1459
What are the prime factors of 1861?
1861
What are the prime factors of 9250?
2, 5, 37
What are the prime factors of 501?
3, 167
What are the prime factors of 1947?
3, 11, 59
What are the prime factors of 96222?
2, 3, 7, 29, 79
What are the prime factors of 5756?
2, 1439
List the prime factors of 5458.
2, 2729
What are the prime factors of 68248?
2, 19, 449
What are the prime factors of 3196?
2, 17, 47
What are the prime factors of 35419?
35419
What are the prime factors of 34013?
7, 43, 113
What are the prime factors of 37?
37
What are the prime factors of 96178?
2, 19, 2531
What are the prime factors of 234?
2, 3, 13
What are the prime factors of 2670?
2, 3, 5, 89
What are the prime factors of 112585?
5, 11, 23, 89
What are the prime factors of 120925?
5, 7, 691
What are the prime factors of 4411?
11, 401
List the prime factors of 2020.
2, 5, 101
List the prime factors